(base 3) to base 5.
-343
Convert 4 (base 10) to base 4.
10
Convert 5 (base 6) to base 5.
10
Convert -1 (base 2) to base 12.
-1
Convert -15 (base 15) to base 14.
-16
Convert -6 (base 9) to base 7.
-6
What is -21b (base 12) in base 3?
-102112
-4 (base 5) to base 8
-4
Convert -1001 (base 2) to base 11.
-9
Convert 5 (base 6) to base 13.
5
What is -61 (base 11) in base 9?
-74
Convert -4 (base 6) to base 14.
-4
-6 (base 15) to base 7
-6
-49 (base 10) to base 15
-34
7 (base 8) to base 4
13
What is 201 (base 3) in base 15?
14
What is 20 (base 8) in base 11?
15
What is 170 (base 8) in base 15?
80
Convert 2 (base 12) to base 7.
2
What is -68 (base 10) in base 9?
-75
Convert -d (base 14) to base 11.
-12
-21 (base 3) to base 13
-7
What is 4 (base 12) in base 5?
4
What is -3 (base 11) in base 16?
-3
Convert -13 (base 5) to base 15.
-8
Convert 0 (base 6) to base 13.
0
What is -134 (base 7) in base 6?
-202
What is 3021 (base 4) in base 10?
201
-1101111 (base 2) to base 3
-11010
Convert -13 (base 12) to base 3.
-120
What is 12 (base 3) in base 13?
5
What is -10 (base 3) in base 6?
-3
Convert -20 (base 3) to base 13.
-6
5 (base 7) to base 5
10
Convert -2 (base 14) to base 13.
-2
2 (base 14) to base 15
2
What is 3 (base 14) in base 7?
3
What is -2 (base 13) in base 8?
-2
What is -10001 (base 2) in base 3?
-122
Convert 1001111 (base 2) to base 9.
87
Convert -1 (base 14) to base 7.
-1
Convert 6 (base 10) to base 15.
6
What is 323 (base 5) in base 6?
224
What is 40 (base 5) in base 8?
24
Convert 17 (base 14) to base 15.
16
What is -5 (base 14) in base 8?
-5
Convert -1 (base 4) to base 14.
-1
What is 16 (base 8) in base 11?
13
What is 22120 (base 3) in base 2?
11100111
What is 31 (base 13) in base 16?
28
-2 (base 11) to base 10
-2
-6 (base 8) to base 6
-10
What is c (base 15) in base 7?
15
What is 10 (base 10) in base 13?
a
What is -137 (base 9) in base 5?
-430
What is -2 (base 15) in base 12?
-2
Convert 10101010 (base 2) to base 10.
170
5 (base 14) to base 2
101
What is -1 (base 11) in base 7?
-1
2 (base 10) to base 9
2
-1 (base 6) to base 3
-1
What is -115 (base 12) in base 15?
-ab
What is 221 (base 8) in base 9?
171
What is 2 (base 15) in base 10?
2
What is 4 (base 8) in base 6?
4
Convert -3 (base 6) to base 4.
-3
What is 1110 (base 5) in base 15?
a5
What is -110111 (base 2) in base 16?
-37
What is -102 (base 12) in base 13?
-b3
Convert -12 (base 4) to base 12.
-6
What is 2 (base 5) in base 3?
2
What is -41 (base 6) in base 5?
-100
-20 (base 7) to base 2
-1110
What is 2d (base 15) in base 10?
43
What is 4 (base 8) in base 2?
100
8 (base 14) to base 7
11
Convert -1 (base 2) to base 6.
-1
1100011 (base 2) to base 4
1203
Convert -13 (base 11) to base 12.
-12
Convert -12210 (base 3) to base 12.
-110
What is -1100000 (base 2) in base 8?
-140
What is 0 (base 13) in base 11?
0
What is 6 (base 10) in base 15?
6
-100100 (base 2) to base 7
-51
Convert -1 (base 14) to base 13.
-1
Convert 57 (base 10) to base 8.
71
Convert -4 (base 8) to base 13.
-4
-18 (base 11) to base 15
-14
What is 39 (base 10) in base 7?
54
-111 (base 3) to base 11
-12
-12 (base 7) to base 9
-10
-5 (base 13) to base 16
-5
221 (base 4) to base 14
2d
What is 344 (base 5) in base 6?
243
Convert 19 (base 10) to base 16.
13
Convert -10 (base 4) to base 15.
-4
Convert -11101 (base 2) to base 11.
-27
Convert 12 (base 9) to base 16.
b
Convert 1 (base 12) to base 8.
1
34 (base 13) to base 10
43
What is -2 (base 5) in base 10?
-2
-2 (base 4) to base 5
-2
Convert 7 (base 14) to base 15.
7
-1b (base 14) to base 11
-23
Convert 9 (base 11) to base 5.
14
100100 (base 2) to base 16
24
9 (base 14) to base 10
9
100 (base 7) to base 2
110001
What is 110110 (base 3) in base 4?
11100
-44 (base 11) to base 8
-60
15 (base 6) to base 9
12
Convert -7 (base 11) to base 5.
-12
4 (base 16) to base 8
4
-60 (base 14) to base 3
-10010
Convert 7 (base 9) to base 4.
13
-5 (base 13) to base 9
-5
Convert 1c (base 13) to base 8.
31
0 (base 15) to base 12
0
Convert 2 (base 8) to base 14.
2
Convert 6 (base 16) to base 7.
6
What is 4 (base 5) in base 14?
4
What is 11 (base 6) in base 4?
13
What is -10 (base 11) in base 5?
-21
5c (base 13) to base 7
140
-8 (base 16) to base 14
-8
Convert 5 (base 6) to base 8.
5
-a (base 11) to base 16
-a
-1 (base 9) to base 3
-1
What is -111 (base 2) in base 4?
-13
Convert 0 (base 9) to base 8.
0
Convert 131 (base 5) to base 15.
2b
15 (base 8) to base 11
12
-6 (base 7) to base 8
-6
Convert 10 (base 6) to base 13.
6
What is -34 (base 5) in base 2?
-10011
Convert 15 (base 14) to base 12.
17
0 (base 12) to base 14
0
Convert -3 (base 16) to base 14.
-3
Convert 175 (base 8) to base 13.
98
Convert -20 (base 4) to base 8.
-10
Convert -1 (base 15) to base 7.
-1
Convert -1120 (base 5) to base 11.
-136
Convert 155 (base 10) to base 7.
311
0 (base 4) to base 11
0
What is 2 (base 9) in base 13?
2
What is 6 (base 15) in base 11?
6
-3 (base 8) to base 4
-3
-36 (base 10) to base 5
-121
-1 (base 9) to base 4
-1
2 (base 3) to base 10
2
Convert 10011 (base 2) to base 6.
31
What is 324 (base 5) in base 16?
59
-6 (base 10) to base 3
-20
What is 50 (base 14) in base 10?
70
What is 14 (base 14) in base 11?
17
156 (base 16) to base 13
204
What is -2 (base 6) in base 14?
-2
-21 (base 16) to base 8
-41
What is -20 (base 15) in base 5?
-110
1033 (base 5) to base 2
10001111
What is 4 (base 11) in base 2?
100
0 (base 7) to base 4
0
What is -2 (base 9) in base 11?
-2
What is -17 (base 12) in base 5?
-34
Convert 344 (base 5) to base 2.
1100011
Convert 12200 (base 3) to base 11.
12a
What is -12 (base 9) in base 5?
-21
What is 45 (base 15) in base 3?
2102
What is -20 (base 5) in base 8?
-12
What is 4 (base 14) in base 3?
11
What is -2 (base 14) in base 8?
-2
What is -43 (base 9) in base 11?
-36
Convert 3 (base 10) to base 11.
3
What is -12 (base 3) in base 13?
-5
What is 12 (base 6) in base 11?
8
-321 (base 6) to base 16
-79
-11 (base 9) to base 2
-1010
What is -1 (base 14) in base 16?
-1
What is 2 (base 5) in base 6?
2
What is 4 (base 12) in base 16?
4
232 (base 11) to base 3
101021
Convert 12 (base 3) to base 16.
5
Convert 15 (base 6) to base 14.
b
9a (base 11) to base 8
155
What is 17 (base 11) in base 15?
13
What is -11 (base 9) in base 5?
-20
b (base 15) to base 16
b
17 (base 12) to base 6
31
-c (base 13) to base 11
-11
32 (base 5) to base 8
21
Convert -1a (base 13) to base 7.
-32
What is -40 (base 6) in base 15?
-19
Convert -10001 (base 2) to base 3.
-122
What is -312 (base 4) in base 15?
-39
2a (base 14) to base 15
28
What is -8 (base 10) in base 9?
-8
1011111 (base 2) to base 6
235
5 (base 6) to base 14
5
-21 (base 6) to base 11
-12
-18 (base 11) to base 6
-31
Convert -220 (base 3) to base 13.
-1b
Convert -215 (base 10) to base 11.
-186
Convert -4 (base 14) to base 7.
-4
-16 (base 10) to base 4
-100
Convert 14 (base 11) to base 15.
10
Convert -14 (base 5) to base 15.
-9
What is 0 (base 11) in base 7?
0
What is 12 (base 7) in base 11?
9
Convert 100 (base 3) to base 13.
9
Convert c (base 13) to base 5.
22
What is -34 (base 8) in base 12?
-24
Convert 332 (base 4) to base 8.
76
What is 16 (base 14) in base 16?
14
Convert 23 (base 13) to base 14.
21
What is -2a (base 15) in base 5?
-130
-13 (base 11) to base 12
-12
What is 6 (base 12) in base 3?
20
Convert 167 (base 8) to base 2.
1110111
-9 (base 10) to base 13
-9
Convert 1c (base 16) to base 5.
103
2 (base 9) to base 14
2
Convert 3 (base 13) to base 16.
3
Convert 84 (base 9) to base 15.
51
Convert 11 (base 3) to base 13.
4
Convert -2 (base 11) to base 8.
-2
Convert 7 (base 10) to base 6.
11
What is -7 (base 14) in base 11?
-7
Convert 30 (base 6) to base 2.
10010
-24 (base 5) to base 8
-16
What is -1 (base 12) in base 3?
-1
What is 12 (base 12) in base 16?
e
Convert -2211 (base 3) to base 10.
-76
What is f (base 16) in base 8?
17
Convert 50 (base 14) to base 9.
77
Convert b (base 13) to base 9.
12
Convert 3 (base 6) to base 4.
3
What is 30 (base 7) in base 4?
111
-20 (base 13) to base 4
-122
What is a (base 14) in base 10?
10
What is -515 (base 6) in base 11?
-164
What is -7d (base 14) in base 13?
-87
What is -35 (base 6) in base 5?
-43
What is -12 (base 6) in base 2?
-1000
-1 (base 15) to base 11
-1
Convert -43 (base 11) to base 13.
-38
What is -3 (base 15) in base 16?
-3
What is 